actor of y and 8704.
272
Let j(u) = -2*u - 3. Suppose -2*x - 5*x - 28 = 0. Let m be j(x). Suppose -g + 28 = -4*s, 4*g - m*s + 19 = 5*g. What is the highest common divisor of g and 16?
8
Let g(n) = -n**2 + n + 1. Let r(o) = -o**3 - 15*o**2 + 7*o + 27. Let t(w) = -2*g(w) + 2*r(w). Let b be t(-15). What is the greatest common divisor of b and 92?
46
Suppose -2*c + 2330 = 3*x, 3*c - 42*x = -31*x + 3464. What is the highest common divisor of 14 and c?
14
Suppose 0 = -13*c + 238*c - 2925. Calculate the greatest common factor of c and 2652.
13
Let z = -126 + 133. Suppose z*w - 2 - 12 = 0. What is the greatest common divisor of w and 16?
2
Suppose -5*b + 37*b - 2592 = -4*b. Calculate the highest common factor of 552 and b.
24
Let v be 8*((-42)/(-24) + -1). Let b be (-6)/(3/(-12)*v). Let f be 2*(-12)/(-16) + 146/b. What is the highest common divisor of f and 380?
38
Let u(d) = d**2 - d + 2. Let p be u(-4). Let z = -1483 + 1505. Calculate the greatest common factor of p and z.
22
Let u(k) = 15*k + 25. Let c be 70/56 + 3 - 10/8. Let o be u(c). Suppose -4*f - 8 = 0, -a + 41 = -f + 11. Calculate the greatest common divisor of o and a.
14
Let j(n) = -n**2 - 14*n - 22. Let d be j(-12). Suppose -127 = -d*b + 23. Let v = b + -56. Calculate the highest common divisor of 133 and v.
19
Suppose -178 = 3*z - 3*i - 916, -9*z = -2*i - 2242. Calculate the greatest common divisor of 22750 and z.
250
Let w be (-375)/(-45) - (-1)/(-3). Suppose -36 = -4*t + 4*q, -4*t = -10*q + w*q - 34. Calculate the highest common factor of t and 100.
4
Let b = -325 - -328. Suppose -2*i + 458 = 2*q, b*i = i + 2*q + 438. What is the highest common divisor of i and 32?
32
Suppose 135*z - 132*z = 4*v + 366, 3*z - 384 = v. Calculate the highest common factor of 1846 and z.
26
Suppose -523*h + 3456 = -491*h. What is the greatest common divisor of h and 1728?
108
Let f = 27952 - 27940. What is the highest common factor of 9084 and f?
12
Let l(f) be the first derivative of -22*f**2 - 17*f - 49. Let v be l(-3). Calculate the greatest common divisor of v and 46.
23
Suppose 2265 = d + 2*d - 4*c, -3775 = -5*d - 3*c. Suppose -d = 19*w - 2199. What is the greatest common divisor of w and 57?
19
Let d = 1461 + 291. Calculate the greatest common divisor of d and 48.
24
Let l = 65 + -60. Suppose -w + l*w - 5*u = 738, -u - 746 = -4*w. What is the highest common divisor of 17 and w?
17
Suppose 5*u - 4*q - 416 = 0, -2*u + q - 421 = -7*u. Calculate the highest common divisor of 2058 and u.
42
Let i be (-32 + (-2090)/(-44))/(((-3)/(-2))/3). Calculate the highest common factor of i and 12431.
31
Let o = 390 + -385. Suppose o*l = -2*n + 1, 3*n - 2*l - 36 = 2*l. What is the greatest common divisor of n and 552?
8
Suppose -d - 3*z + 8*z + 197 = 0, 5*d - 1066 = -2*z. Suppose -218*t + 5394 = -d*t. Calculate the highest common factor of t and 29.
29
Let z = -15213 - -15638. Calculate the highest common factor of 799 and z.
17
Let r = 263 + -171. Let u = -53 + r. Let p(t) = -t + 5. Let o be p(-8). Calculate the highest common divisor of u and o.
13
Let i(p) = 11*p + 3. Let j be i(12). Let m(a) = -a**2 - 577*a + 6513. Let f be m(11). Calculate the greatest common factor of j and f.
45
Let q be 4707/24 + (0 - 8/64). Calculate the greatest common factor of q and 2597.
49
Let b = -238 - -253. Suppose -933 = -b*j + 777. What is the greatest common divisor of 57 and j?
57
Let l = 3983 - 2743. Calculate the greatest common divisor of 465 and l.
155
Suppose 179*g - 3*h + 36 = 180*g, -5*g + 4*h = -218. Let o = 2 + -2. Suppose 2*c - 94 - 18 = o. Calculate the greatest common divisor of g and c.
14
Let w = 2982 - 2954. What is the greatest common factor of 116 and w?
4
Let t(k) = -6*k - 48. Let u be t(-10). Suppose -5*j = -u*j + 406. Let g be 2*2/8*174. What is the greatest common divisor of j and g?
29
Let w be (-264)/(-99) + (-4192)/(-12). What is the greatest common divisor of w and 2563?
11
Let a be 2/(-7) - (-317)/7. Suppose 4*o + 57 = 5*z, 4*z - 36 = -20*o + 22*o. What is the greatest common factor of a and z?
5
Let b be 7 - (-2 - -628) - (2 - 3). Let y = b - -1701. What is the highest common divisor of y and 57?
57
Let z be (-2 - -109) + -11 + 20/5. What is the highest common divisor of 1960 and z?
20
Let c(h) = 22*h**2 - 21*h**2 - 3 + 0 + 1 - 3*h. Let j be c(0). Let y(p) = p**2 - 5*p - 3. Let l be y(j). What is the highest common divisor of l and 88?
11
Suppose -2*s = -5*s - 2*w + 738, 0 = 3*s + 4*w - 738. Suppose 7*v - s = -43. Let q be -3 + 2 + 59 - 0. What is the highest common factor of q and v?
29
Let i(j) = 1141*j - 870. Let d be i(3). Calculate the highest common factor of d and 1104.
69
Suppose 2*c + 0*c + 2*d = 0, 5*c - 2*d - 21 = 0. Let h(g) = 39*g**2 + 24*g - 15. Let p be h(c). Calculate the highest common factor of 24 and p.
24
Let n be -4 + (1 - -4)/(-5)*(-156 - 0). Let l(r) = r**3 - 7*r**2 + 2*r + 2. Let t be l(7). Calculate the highest common divisor of t and n.
8
Let i be (-2*3)/(-2) + -1. Let g = 164 + -159. Suppose -5*d = -g*c + 185, 108 = -c + 4*c - i*d. What is the highest common factor of 272 and c?
34
Let g be 9/(4 - -5) - -728*2. Suppose -10*n + 303 = -g. Calculate the greatest common factor of 16 and n.
16
Let q(l) = -2*l - 22. Let i be q(-11). Suppose 8*w - 9*w - 2*n + 123 = i, -2*w - 5*n + 247 = 0. What is the highest common factor of 11 and w?
11
Let a be ((-72)/42)/((-10)/35). Calculate the greatest common divisor of a and 278.
2
Let i = -95 + 95. Let m(u) = -3*u + 4*u - u + 9 - u**3. Let v be m(i). What is the highest common factor of v and 6?
3
Let z(w) = 17*w**2 - 17*w + 272. Let v be z(11). What is the greatest common factor of v and 136?
34
Let x be -18*(-7)/(-14) + 286 + 11. What is the highest common factor of x and 1944?
72
Suppose 0 = -2*y + 3*s + 562, 0*s + 1634 = 6*y + 4*s. What is the highest common divisor of 605 and y?
55
Suppose 29*k - 16518 - 12783 - 33049 = 0. What is the greatest common divisor of 4 and k?
2
Let q(p) = 255*p - 4304. Let v be q(40). Calculate the highest common factor of v and 176.
88
Let u = 9435 - 9243. What is the highest common factor of 33 and u?
3
Suppose 5*w = 8*w - 9. Suppose w*y - 193 = -i, -y - 5*i + 3*i = -71. Let z be 12*147/56*8/6. Calculate the greatest common factor of y and z.
21
Suppose 18*i - 33 = -3*p + 21*i, -3*i = 3*p - 27. Calculate the highest common factor of 5410 and p.
10
Suppose p = -2*b + 1279, -5061 = 5*p - 9*p + 3*b. What is the greatest common divisor of 141 and p?
141
Let c(r) = -2*r**2 + 127*r + 1300. Let q be c(72). Let y = 218 - 123. What is the highest common divisor of q and y?
19
Let s = -687 - -806. Suppose 0 = 2*n + w - 105, -n + s*w + 66 = 124*w. What is the greatest common factor of 17 and n?
17
Suppose 42578 = 3*w + 2*f, 3*f + 14178 = 15*w - 14*w. What is the highest common divisor of w and 20?
10
Let g be -7*(-176)/(-154) + 9416/(-2 - -3). What is the greatest common factor of 84 and g?
84
Let k(c) = -33*c + 57. Let d be k(8). Let g = 415 + d. Calculate the highest common factor of g and 8.
8
Suppose 0 = -15*d - 471 + 5541. Suppose 2*c - 228 = -4*v + 6*c, 5*v - 3*c = 275. Calculate the highest common divisor of v and d.
26
Suppose 2*s - 54 = -4*u, -5*u + 53 = -2*u - s. Let y be ((-72)/(-15))/(3 + (-54)/20). What is the highest common factor of y and u?
16
Let n(p) = 5*p**2 + 10*p - 7. Let y be n(-9). Let d = -54 - -51. Let v be (-6 - d)/(12/(-112)). Calculate the greatest common divisor of v and y.
28
Suppose m - 4*f - 16 = 0, 0 = m + 2*f + 1 + 7. Let r be 68/4 + m + 1. Let n(l) = -906*l - 5424. Let b be n(-6). Calculate the highest common divisor of b and r.
6
Let d(l) = -4*l**2 + 141*l + 603. Let n be d(39). What is the highest common divisor of n and 1059?
3
Let t = 35 + -29. Suppose t*h - 6 = 4*h. Suppose h*x - 2*x = 5*c - 8, 3*x - 5*c = 6. Calculate the highest common factor of x and 7.
7
Suppose -170*b + 35332 + 52210 = 26342. Let h be 7/(14/80) - 0. Calculate the greatest common divisor of b and h.
40
Let z = -14 + 30. Let o be 8/(-18) - 62/((-36)/(-4 - -6)). Let v be (-9)/(-6)*8/o + z. Calculate the greatest common divisor of v and 80.
20
Let d be -1 - 3/((-12)/40). Suppose 0 = 47*i - 50*i + d. Let y be (-1 - 10)*(-1 + -2). Calculate the highest common divisor of y and i.
3
Let n be (-54)/135*(-14 - -4